8?
True
Is 6 a factor of 611?
False
Is 29564 even?
True
Is 763152 a multiple of 549?
False
Is 66715 a multiple of 54?
False
Is 73 a factor of 537937?
True
Does 13 divide 940264?
True
Does 54 divide 344599?
False
Is 274950 a multiple of 234?
True
Does 252 divide 574560?
True
Does 111 divide 7842?
False
Is 179 a factor of 1396296?
False
Is 107 a factor of 16281465?
False
Is 513 a factor of 2658879?
True
Does 12 divide 2436030?
False
Does 527 divide 621251?
False
Is 2930605 a multiple of 637?
False
Is 80 a factor of 108787?
False
Is 31 a factor of 46438?
True
Is 85 a factor of 74290?
True
Is 348 a factor of 84025?
False
Is 16786675 a multiple of 25?
True
Is 13 a factor of 14118?
True
Is 87 a factor of 1131?
True
Does 11 divide 334768?
False
Is 76 a factor of 189392?
True
Does 316 divide 416172?
True
Does 14 divide 546737?
False
Does 23 divide 9469813?
True
Is 19227 a multiple of 87?
True
Is 6261720 a multiple of 120?
True
Is 7 a factor of 143313?
False
Does 17 divide 36431?
True
Is 77 a factor of 443982?
True
Is 421344 a multiple of 11?
True
Does 85 divide 52460?
False
Does 10 divide 315430?
True
Is 179424 a multiple of 12?
True
Does 34 divide 148138?
True
Does 49 divide 58516?
False
Is 15753390 a multiple of 1817?
True
Is 509 a factor of 2380210?
False
Does 540 divide 408240?
True
Does 14 divide 13388102?
True
Does 10 divide 723880?
True
Is 281731 a multiple of 181?
False
Is 55 a factor of 121869?
False
Does 11 divide 708246?
True
Does 8 divide 1626916?
False
Is 13753 a multiple of 3?
False
Is 6203055 a multiple of 12?
False
Does 51 divide 4515154?
False
Does 347 divide 1208948?
True
Is 341488 a multiple of 28?
True
Is 136290 a multiple of 77?
True
Does 10 divide 273030?
True
Does 6 divide 28302?
True
Does 53 divide 1361803?
False
Is 16 a factor of 1640960?
True
Does 130 divide 2887996?
False
Does 15 divide 29191?
False
Does 35 divide 3983276?
False
Does 736 divide 192209?
False
Is 11015 a multiple of 11?
False
Is 853144 a multiple of 188?
True
Is 15 a factor of 494415?
True
Is 1169 a factor of 2766723?
False
Is 166521 a multiple of 66?
False
Does 333 divide 936063?
True
Does 1551 divide 5129157?
True
Does 20 divide 147256?
False
Is 327800 a multiple of 20?
True
Is 7762965 a multiple of 255?
True
Is 3613662 a multiple of 10?
False
Is 565 a factor of 3019925?
True
Is 3 a factor of 37825?
False
Is 2439568 a multiple of 68?
True
Does 42 divide 2159651?
False
Is 43 a factor of 2715585?
False
Does 19 divide 98703?
False
Is 862312 a multiple of 22?
True
Does 86 divide 117201?
False
Does 53 divide 342512?
False
Does 19 divide 3156357?
False
Is 177 a factor of 107970?
True
Is 910179 a multiple of 24?
False
Is 2277410 a multiple of 9?
False
Is 250240 a multiple of 32?
True
Does 171 divide 8412526?
False
Does 10 divide 166760?
True
Does 56 divide 186356?
False
Is 3293382 a multiple of 678?
False
Does 349 divide 4873925?
False
Is 4 a factor of 1151627?
False
Is 571 a factor of 4781465?
False
Does 21 divide 2620517?
False
Is 35 a factor of 126352?
False
Is 115011 a multiple of 41?
False
Is 478 a factor of 2932488?
False
Is 191 a factor of 17224?
False
Is 109 a factor of 3669703?
True
Does 311 divide 209897?
False
Is 21 a factor of 431781?
True
Does 311 divide 1878751?
True
Is 64551 a multiple of 19?
False
Is 14760552 a multiple of 88?
False
Is 250262 a multiple of 6?
False
Is 15756 a multiple of 12?
True
Is 662447 a multiple of 8?
False
Does 40 divide 15952920?
True
Is 9 a factor of 341401?
False
Is 498 a factor of 68706?
False
Is 274 a factor of 247148?
True
Is 6 a factor of 78194?
False
Is 26 a factor of 1207921?
False
Is 185070 a multiple of 30?
True
Is 12361941 a multiple of 17?
True
Is 5078997 a multiple of 7?
True
Is 15 a factor of 883110?
True
Is 939400 a multiple of 65?
False
Is 2248740 a multiple of 10?
True
Is 21 a factor of 40839?
False
Does 12 divide 3699663?
False
Does 131 divide 209486?
False
Does 245 divide 4429268?
False
Does 256 divide 305056?
False
Is 62 a factor of 4380424?
True
Is 1782300 a multiple of 18?
False
Is 358 a factor of 1180514?
False
Is 1634108 a multiple of 17?
True
Is 11262398 a multiple of 7?
True
Does 49 divide 63823?
False
Is 169182 a multiple of 60?
False
Does 57 divide 10002303?
True
Is 8 a factor of 389899?
False
Is 644 a factor of 1974504?
True
Is 987 a factor of 105609?
True
Is 720603 a multiple of 4?
False
Is 4 a factor of 1199925?
False
Does 484 divide 9241012?
True
Is 132 a factor of 152864?
False
Is 13754964 a multiple of 27?
False
Does 181 divide 1086?
True
Is 271575 a multiple of 17?
True
Is 39 a factor of 187788?
False
Is 6119398 a multiple of 563?
False
Is 7 a factor of 988540?
True
Is 147 a factor of 94374?
True
Is 25408 a multiple of 264?
False
Is 213364 a multiple of 13?
False
Is 554171 a multiple of 539?
False
Does 74 divide 21090?
True
Is 5101530 a multiple of 714?
True
Does 50 divide 69000?
True
Is 184 a factor of 414970?
False
Is 433741 a multiple of 11?
True
Is 8091 a multiple of 87?
True
Does 2 divide 59988?
True
Is 4394838 a multiple of 129?
False
Is 4 a factor of 151164?
True
Does 71 divide 114097?
True
Is 402480 a multiple of 15?
True
Is 292 a factor of 6344868?
True
Is 278375 a multiple of 56?
False
Is 1811160 a multiple of 81?
True
Is 118993 a multiple of 191?
True
Does 2 divide 611189?
False
Is 754 a factor of 5890248?
True
Does 15 divide 3618014?
False
Is 1355855 a multiple of 7?
False
Does 929 divide 7768298?
True
Does 48 divide 105360?
True
Is 17448040 a multiple of 10?
True
Is 46464 a multiple of 32?
True
Is 3 a factor of 241674?
True
Is 32 a factor of 229182?
False
Is 87010 a multiple of 110?
True
Does 9 divide 1739786?
False
Does 252 divide 11399220?
True
Is 8 a factor of 766840?
True
Does 40 divide 373040?
True
Does 13 divide 46224?
False
Does 65 divide 3662?
False
Does 258 divide 1302331?
False
Does 131 divide 849946?
False
Is 12 a factor of 428496?
True
Is 52 a factor of 119132?
True
Does 131 divide 343259?
False
Is 598290 a multiple of 330?
True
Is 9011918 a multiple of 12?
False
Is 23 a factor of 208127?
True
Is 122 a factor of 73932?
True
Is 308492 a multiple of 13?
False
Is 10 a factor of 1112515?
False
Is 81 a factor of 298485?
True
Is 198070 a multiple of 145?
True
Does 13 divide 141217?
False
Is 2 a factor of 475904?
True
Does 12 divide 25080?
True
Is 11004187 a multiple of 36?
False
Is 1259324 a multiple of 122?
False
Does 12 divide 12974?
False
Does 8 divide 400038?
False
Does 2 divide 12368?
True
Is 865364 a multiple of 94?
True
Is 4 a factor of 3644597?
False
Does 3 divide 189232?
False
Is 12 a factor of 594900?
True
Is 110750 a multiple of 12?
False
Does 68 divide 8811?
False
Is 145320 a multiple of 15?
True
Does 37 divide 168182?
False
Is 653 a factor of 874725?
False
Does 8 divide 273800?
True
Is 53 a factor of 3037960?
True
Is 2388829 a multiple of 263?
True
Is 31 a factor of 77586?
False
Is 349050 a multiple of 130?
True
Is 122053 a multiple of 32?
False
Does 243 divide 518805?
True
Is 14 a factor of 8725599?
False
Is 10 a factor of 91661?
False
Is 294 a factor of 119604?
False
Is 95568 a multiple of 132?
True
Is 861212 a multiple of 92?
True
Is 19 a factor of 28917?
False
Is 1694734 a multiple of 14?
False
Is 421209 a multiple of 9?
True
Is 1547260 even?
True
Does 82 divide 5749542?
False
Is 393750 a multiple of 315?
True
Is 156169 a multiple of 27?
False
Is 5 a factor of 2603341?
False
Does 189 divide 185561?
False
Is 356 a factor of 409756?
True
Does 12 divide 1896444?
True
Is 207 a factor of 5315553?
True
Is 98 a factor of 848974?
True
Is 18 a factor of 23357106?
True
Is 219177 a multiple of 385?
False
Is 783601 a multiple of 14?
False
Does 16 divide 734797?
False
Is 19 a factor of 353305?
True
Does 106 divide 5335934?
True
Does 209 divide 1633335?
True
Is 21262 a multiple of 37?
False
Does 8 divide 104336?
True
Does 9 divide 240525?
True
Does 32 divide 249888?
True
Is 42 a factor of 132257?
False
Is 338 a factor of 92806?
False
Is 16 a factor of 189904?
True
Is 609715 a multiple of 1652?
False
Is 8 a factor of 3409744?
True
Does 9 divide 21520098?
True
Does 3 divide 390633?
True
Is 480 a factor of 8306745?
False
Is 13 a factor of 5092555?
True
Is 8 a factor of 587416?
True
Does 19 divide 415020?
False
Does 91 divide 436735?
False
Is 26336 a multiple of 8?
Tru